s of 1061436?
2, 3, 197, 449
List the prime factors of 15331.
15331
List the prime factors of 8157322.
2, 151, 27011
List the prime factors of 502638.
2, 3, 83773
List the prime factors of 1823388.
2, 3, 7, 443
List the prime factors of 3762259.
3762259
What are the prime factors of 965942?
2, 482971
List the prime factors of 1670495.
5, 334099
List the prime factors of 5318409.
3, 197, 8999
List the prime factors of 10309241.
1481, 6961
What are the prime factors of 1105733?
761, 1453
List the prime factors of 151193.
7, 21599
List the prime factors of 20974582.
2, 773, 13567
List the prime factors of 625295.
5, 11, 11369
List the prime factors of 1132502.
2, 7, 41, 1973
List the prime factors of 27832666.
2, 13916333
What are the prime factors of 530902?
2, 265451
What are the prime factors of 3580953?
3, 557, 2143
What are the prime factors of 22014113?
11, 1093, 1831
List the prime factors of 83832.
2, 3, 7, 499
List the prime factors of 7303824.
2, 3, 11, 29, 53
What are the prime factors of 94858?
2, 43, 1103
List the prime factors of 362937.
3, 311, 389
List the prime factors of 2092440.
2, 3, 5, 7, 47, 53
List the prime factors of 8363473.
17, 491969
List the prime factors of 980847.
3, 7, 15569
What are the prime factors of 347995?
5, 79, 881
What are the prime factors of 5679500?
2, 5, 37, 307
List the prime factors of 616946.
2, 11, 29, 967
What are the prime factors of 342355?
5, 13, 23, 229
List the prime factors of 2717988.
2, 3, 7, 13, 19, 131
List the prime factors of 9159035.
5, 1831807
List the prime factors of 4370306.
2, 631, 3463
List the prime factors of 896160.
2, 3, 5, 1867
List the prime factors of 4153157.
401, 10357
What are the prime factors of 118833?
3, 11, 13, 277
What are the prime factors of 1188302?
2, 594151
List the prime factors of 7018319.
7, 11, 29, 449
List the prime factors of 29426449.
13, 174121
What are the prime factors of 5508666?
2, 3, 29, 61, 173
What are the prime factors of 9408?
2, 3, 7
List the prime factors of 7222813.
13, 101, 5501
List the prime factors of 143135.
5, 28627
List the prime factors of 876457.
41, 21377
What are the prime factors of 375262?
2, 187631
What are the prime factors of 1107928?
2, 19, 37, 197
List the prime factors of 9408524.
2, 2352131
List the prime factors of 652609.
652609
What are the prime factors of 1809552?
2, 3, 37699
What are the prime factors of 8464554?
2, 3, 7, 457
What are the prime factors of 455557?
455557
What are the prime factors of 1137284?
2, 59, 61, 79
What are the prime factors of 8548040?
2, 5, 29, 7369
What are the prime factors of 2384728?
2, 19, 29, 541
What are the prime factors of 156316?
2, 39079
List the prime factors of 1007193.
3, 11, 23, 1327
List the prime factors of 94835.
5, 13, 1459
What are the prime factors of 12174681?
3, 4058227
What are the prime factors of 12596394?
2, 3, 71, 29569
List the prime factors of 159738.
2, 3, 79, 337
List the prime factors of 805463.
805463
What are the prime factors of 6380656?
2, 19, 139, 151
List the prime factors of 853607.
911, 937
What are the prime factors of 6180096?
2, 3, 13, 619
List the prime factors of 5947107.
3, 643, 3083
List the prime factors of 14128077.
3, 19, 71, 3491
List the prime factors of 156103.
37, 4219
List the prime factors of 7762977.
3, 862553
What are the prime factors of 135634?
2, 73, 929
List the prime factors of 15641049.
3, 41, 127163
List the prime factors of 6797283.
3, 2265761
List the prime factors of 8065316.
2, 7, 71, 4057
What are the prime factors of 2282482?
2, 1141241
List the prime factors of 3445075.
5, 137803
List the prime factors of 722609.
167, 4327
What are the prime factors of 28955962?
2, 7, 19, 15551
List the prime factors of 1230786.
2, 3, 101, 677
List the prime factors of 298526.
2, 29, 5147
List the prime factors of 1699265.
5, 19, 31, 577
List the prime factors of 5679206.
2, 13, 23, 9497
List the prime factors of 844294.
2, 11, 38377
What are the prime factors of 66996?
2, 3, 1861
What are the prime factors of 13574433?
3, 229, 19759
List the prime factors of 25088465.
5, 131, 38303
What are the prime factors of 6767681?
23, 294247
List the prime factors of 8917601.
7, 11, 179, 647
What are the prime factors of 1986898?
2, 419, 2371
List the prime factors of 146079.
3, 16231
List the prime factors of 26094664.
2, 29, 137, 821
List the prime factors of 29094337.
29, 31, 32363
What are the prime factors of 3179834?
2, 7, 227131
List the prime factors of 124798.
2, 23, 2713
List the prime factors of 12421581.
3, 257, 16111
List the prime factors of 128402.
2, 19, 31, 109
What are the prime factors of 184011?
3, 83, 739
What are the prime factors of 25713851?
53, 485167
List the prime factors of 1929163.
1929163
List the prime factors of 618560.
2, 5, 1933
List the prime factors of 24248765.
5, 4849753
What are the prime factors of 3175344?
2, 3, 22051
What are the prime factors of 631804?
2, 157951
What are the prime factors of 320121?
3, 35569
What are the prime factors of 14812000?
2, 5, 7, 23
List the prime factors of 2822154.
2, 3, 470359
List the prime factors of 85161.
3, 28387
List the prime factors of 10121018.
2, 17, 179, 1663
List the prime factors of 14421334.
2, 7210667
What are the prime factors of 94670?
2, 5, 9467
List the prime factors of 1116813.
3, 372271
What are the prime factors of 9579949?
9579949
What are the prime factors of 403427?
17, 19, 1249
What are the prime factors of 182697?
3, 60899
What are the prime factors of 9212807?
29, 107, 2969
What are the prime factors of 474241?
474241
What are the prime factors of 33862?
2, 16931
What are the prime factors of 24740736?
2, 3, 19, 3391
List the prime factors of 3627063.
3, 11, 36637
List the prime factors of 1290906.
2, 3, 29, 2473
What are the prime factors of 1568866?
2, 13, 83, 727
List the prime factors of 7456681.
97, 76873
List the prime factors of 40309.
173, 233
List the prime factors of 9668962.
2, 31, 277, 563
List the prime factors of 1660641.
3, 389, 1423
What are the prime factors of 207250?
2, 5, 829
What are the prime factors of 16549?
13, 19, 67
List the prime factors of 4786794.
2, 3, 101, 2633
List the prime factors of 117075.
3, 5, 7, 223
List the prime factors of 441551.
11, 137, 293
List the prime factors of 6503824.
2, 67, 6067
What are the prime factors of 721259?
7, 11, 17, 19, 29
List the prime factors of 1713890.
2, 5, 367, 467
List the prime factors of 13648906.
2, 6824453
List the prime factors of 2126347.
19, 111913
List the prime factors of 1110118.
2, 23, 24133
What are the prime factors of 1588295?
5, 79, 4021
List the prime factors of 19150756.
2, 37, 83, 1559
What are the prime factors of 14481428?
2, 13, 278489
What are the prime factors of 1149379?
7, 11, 23, 59
What are the prime factors of 14686579?
14686579
List the prime factors of 12970388.
2, 17, 19, 10039
What are the prime factors of 10436927?
79, 132113
What are the prime factors of 19504600?
2, 5, 97523
List the prime factors of 7093266.
2, 3, 1182211
What are the prime factors of 1293797?
1293797
List the prime factors of 139777.
11, 97, 131
What are the prime factors of 347408?
2, 21713
List the prime factors of 12875989.
7, 1839427
What are the prime factors of 260709?
3, 43, 47
List the prime factors of 1077148.
2, 19, 14173
What are the prime factors of 559153?
7, 23, 151
List the prime factors of 657386.
2, 23, 31, 461
What are the prime factors of 130771?
251, 521
What are the prime factors of 904346?
2, 211, 2143
List the prime factors of 2614.
2, 1307
List the prime factors of 214298.
2, 7, 15307
What are the prime factors of 13832822?
2, 6916411
List the prime factors of 258866.
2, 71, 1823
What are the prime factors of 14139834?
2, 3, 41, 229, 251
List the prime factors of 12831489.
3, 11, 31, 37, 113
What are the prime factors of 32218388?
2, 8054597
List the prime factors of 11504666.
2, 941, 6113
List the prime factors of 11116222.
2, 13, 23, 29, 641
List the prime factors of 1353016.
2, 7, 37, 653
What are the prime factors of 16204899?
3, 5401633
List the prime factors of 388853.
239, 1627
What are the prime factors of 7687295?
5, 7, 11, 41, 487
List the prime factors of 25937033.
19, 1365107
List the prime factors of 7216285.
5, 1443257
What ar